{"id":14387,"date":"2025-06-17T23:11:06","date_gmt":"2025-06-17T23:11:06","guid":{"rendered":"http:\/\/15.235.80.58:9000\/?page_id=14387"},"modified":"2025-08-23T02:18:00","modified_gmt":"2025-08-23T02:18:00","slug":"gastronomia","status":"publish","type":"page","link":"https:\/\/www.portal80.com.co\/index.php\/gastronomia\/","title":{"rendered":"Gastronom\u00eda"},"content":{"rendered":"<div id=\"cmsmasters_row_1982b95382\" class=\"cmsmasters_row cmsmasters_color_scheme_default cmsmasters_row_top_default cmsmasters_row_bot_default cmsmasters_row_boxed\">\n<div class=\"cmsmasters_row_outer_parent\">\n<div class=\"cmsmasters_row_outer\">\n<div class=\"cmsmasters_row_inner\">\n<div class=\"cmsmasters_row_margin\">\n<div class=\"cmsmasters_column one_first\">\n<div id=\"cmsmasters_heading_cf5c461a7f\" class=\"cmsmasters_heading_wrap cmsmasters_heading_align_center\">\n\t<h1 class=\"cmsmasters_heading\">Gastronom\u00eda<\/h1>\n<\/div>\n<\/div>\n<\/div>\n<\/div>\n<\/div>\n<\/div>\n<\/div>\n<div id=\"cmsmasters_row_ywlreb3in\" class=\"cmsmasters_row cmsmasters_color_scheme_default cmsmasters_row_top_default cmsmasters_row_bot_default cmsmasters_row_boxed\">\n<div class=\"cmsmasters_row_outer_parent\">\n<div class=\"cmsmasters_row_outer\">\n<div class=\"cmsmasters_row_inner\">\n<div class=\"cmsmasters_row_margin\">\n<div class=\"cmsmasters_column one_half\">\n<div id=\"cmsmasters_heading_zv6n0dgblm\" class=\"cmsmasters_heading_wrap cmsmasters_heading_align_left\">\n\t<h2 class=\"cmsmasters_heading\">Tu antojo vive aqu\u00ed<\/h2>\n<\/div><div class=\"cmsmasters_text\">\n<p>D\u00e9jate tentar por los sabores del mundo en nuestra <strong data-start=\"607\" data-end=\"627\">plaza de comidas<\/strong>, que cuenta con <strong data-start=\"644\" data-end=\"674\">43 restaurantes diferentes<\/strong>, para que disfrutes de tu comida favorita. Desde cocina t\u00edpica colombiana hasta propuestas internacionales, opciones saludables, caf\u00e9s y postres, aqu\u00ed siempre hay algo delicioso por descubrir.<\/p>\n<p>\u00a1Tu paladar tambi\u00e9n merece una experiencia inolvidable!<\/p>\n<\/div>\n<\/div>\n<div class=\"cmsmasters_column one_half\">\n<div class=\"cmsmasters_stats stats_mode_bars stats_type_horizontal\"><div class=\"cmsmasters_stat_wrap\">\n\r\n\t\t<span class=\"cmsmasters_stat_counter_wrap\">\n<span class=\"cmsmasters_stat_counter\">100<\/span><span class=\"cmsmasters_stat_units\">%<\/span>\n<\/span>\t\r\n\t\n<div id=\"cmsmasters_stat_d2sbujgv4\" class=\"cmsmasters_stat\" data-percent=\"100\">\n<div class=\"cmsmasters_stat_inner\">\n<span class=\"cmsmasters_stat_title\">43 Restaurantes<\/span>\n\n<\/div>\n<\/div>\n<\/div><div class=\"cmsmasters_stat_wrap\">\n\r\n\t\t<span class=\"cmsmasters_stat_counter_wrap\">\n<span class=\"cmsmasters_stat_counter\">100<\/span><span class=\"cmsmasters_stat_units\">%<\/span>\n<\/span>\t\r\n\t\n<div id=\"cmsmasters_stat_dof38an46a\" class=\"cmsmasters_stat\" data-percent=\"100\">\n<div class=\"cmsmasters_stat_inner\">\n<span class=\"cmsmasters_stat_title\">Cocinas t\u00edpicas Colombianas<\/span>\n\n<\/div>\n<\/div>\n<\/div><div class=\"cmsmasters_stat_wrap\">\n\r\n\t\t<span class=\"cmsmasters_stat_counter_wrap\">\n<span class=\"cmsmasters_stat_counter\">100<\/span><span class=\"cmsmasters_stat_units\">%<\/span>\n<\/span>\t\r\n\t\n<div id=\"cmsmasters_stat_bkgjj77qh\" class=\"cmsmasters_stat\" data-percent=\"100\">\n<div class=\"cmsmasters_stat_inner\">\n<span class=\"cmsmasters_stat_title\">Cocinas internacionales<\/span>\n\n<\/div>\n<\/div>\n<\/div><\/div>\n<\/div>\n<\/div>\n<\/div>\n<\/div>\n<\/div>\n<\/div>\n<div id=\"cmsmasters_row_w7j23vakqt\" class=\"cmsmasters_row cmsmasters_color_scheme_default cmsmasters_row_top_default cmsmasters_row_bot_default cmsmasters_row_boxed\">\n<div class=\"cmsmasters_row_outer_parent\">\n<div class=\"cmsmasters_row_outer\">\n<div class=\"cmsmasters_row_inner\">\n<div class=\"cmsmasters_row_margin\">\n<div class=\"cmsmasters_column one_first\">\n<div id=\"portfolio_9z6wlu14lx\" class=\"cmsmasters_wrap_portfolio entry-summary\" data-layout=\"grid\" data-layout-mode=\"perfect\" data-url=\"https:\/\/www.portal80.com.co\/wp-content\/plugins\/cmsmasters-content-composer\/\" data-orderby=\"date\" data-order=\"DESC\" data-count=\"50\" data-categories=\"gastronomia\" data-metadata=\"title,rollover\"><div class=\"portfolio grid large_gap perfect cmsmasters_4\"><\/div><div class=\"cmsmasters_wrap_more_projects cmsmasters_wrap_more_items\"><\/div><\/div>\n<\/div>\n<\/div>\n<\/div>\n<\/div>\n<\/div>\n<\/div>\n\n","protected":false},"excerpt":{"rendered":"","protected":false},"author":1,"featured_media":0,"parent":0,"menu_order":0,"comment_status":"closed","ping_status":"closed","template":"","meta":{"footnotes":""},"class_list":["post-14387","page","type-page","status-publish","hentry"],"_links":{"self":[{"href":"https:\/\/www.portal80.com.co\/index.php\/wp-json\/wp\/v2\/pages\/14387","targetHints":{"allow":["GET"]}}],"collection":[{"href":"https:\/\/www.portal80.com.co\/index.php\/wp-json\/wp\/v2\/pages"}],"about":[{"href":"https:\/\/www.portal80.com.co\/index.php\/wp-json\/wp\/v2\/types\/page"}],"author":[{"embeddable":true,"href":"https:\/\/www.portal80.com.co\/index.php\/wp-json\/wp\/v2\/users\/1"}],"replies":[{"embeddable":true,"href":"https:\/\/www.portal80.com.co\/index.php\/wp-json\/wp\/v2\/comments?post=14387"}],"version-history":[{"count":0,"href":"https:\/\/www.portal80.com.co\/index.php\/wp-json\/wp\/v2\/pages\/14387\/revisions"}],"wp:attachment":[{"href":"https:\/\/www.portal80.com.co\/index.php\/wp-json\/wp\/v2\/media?parent=14387"}],"curies":[{"name":"wp","href":"https:\/\/api.w.org\/{rel}","templated":true}]}}